ten thousands digit of 733074?
3
What is the hundred thousands digit of 279473?
2
What is the tens digit of 588255?
5
What is the tens digit of 2544428?
2
What is the thousands digit of 295029?
5
What is the thousands digit of 233519?
3
What is the millions digit of 2350299?
2
What is the hundreds digit of 4715247?
2
What is the hundred thousands digit of 268067?
2
What is the ten thousands digit of 307303?
0
What is the units digit of 63684?
4
What is the ten thousands digit of 1023303?
2
What is the ten thousands digit of 12605?
1
What is the ten thousands digit of 1622264?
2
What is the hundred thousands digit of 124453?
1
What is the thousands digit of 25256787?
6
What is the hundred thousands digit of 189428?
1
What is the tens digit of 452318?
1
What is the ten thousands digit of 182922?
8
What is the hundreds digit of 574351?
3
What is the thousands digit of 981156?
1
What is the thousands digit of 124722?
4
What is the tens digit of 146338?
3
What is the hundreds digit of 10687211?
2
What is the hundreds digit of 155092?
0
What is the hundreds digit of 5705520?
5
What is the units digit of 4371650?
0
What is the units digit of 96496?
6
What is the units digit of 2146417?
7
What is the thousands digit of 4035700?
5
What is the millions digit of 1116696?
1
What is the ten thousands digit of 37916801?
1
What is the hundreds digit of 119770?
7
What is the hundreds digit of 299086?
0
What is the units digit of 276737?
7
What is the units digit of 1365839?
9
What is the millions digit of 3427550?
3
What is the ten thousands digit of 10907?
1
What is the hundred thousands digit of 1116156?
1
What is the units digit of 404655?
5
What is the units digit of 755816?
6
What is the hundreds digit of 17546021?
0
What is the hundreds digit of 2193300?
3
What is the ten thousands digit of 77493?
7
What is the thousands digit of 5381546?
1
What is the ten thousands digit of 402142?
0
What is the millions digit of 15087404?
5
What is the tens digit of 23819041?
4
What is the thousands digit of 37517460?
7
What is the thousands digit of 6656773?
6
What is the tens digit of 11242215?
1
What is the hundred thousands digit of 555215?
5
What is the tens digit of 9254163?
6
What is the tens digit of 3229619?
1
What is the millions digit of 33082462?
3
What is the hundred thousands digit of 14811699?
8
What is the units digit of 245677?
7
What is the hundreds digit of 1274241?
2
What is the tens digit of 1548043?
4
What is the units digit of 2288794?
4
What is the millions digit of 5597920?
5
What is the hundred thousands digit of 722116?
7
What is the hundred thousands digit of 2724556?
7
What is the hundreds digit of 14463165?
1
What is the units digit of 530952?
2
What is the hundreds digit of 2516405?
4
What is the millions digit of 10923425?
0
What is the ten thousands digit of 12904701?
0
What is the hundred thousands digit of 113367?
1
What is the hundreds digit of 154872?
8
What is the tens digit of 625685?
8
What is the tens digit of 7365713?
1
What is the tens digit of 712903?
0
What is the millions digit of 1268699?
1
What is the ten thousands digit of 12917333?
1
What is the hundred thousands digit of 912154?
9
What is the millions digit of 6325002?
6
What is the units digit of 3954374?
4
What is the hundreds digit of 1273495?
4
What is the ten thousands digit of 8102453?
0
What is the tens digit of 26000190?
9
What is the hundreds digit of 195975?
9
What is the hundred thousands digit of 132369?
1
What is the hundred thousands digit of 178674?
1
What is the millions digit of 1272171?
1
What is the thousands digit of 163890?
3
What is the tens digit of 10947?
4
What is the thousands digit of 7127771?
7
What is the tens digit of 3786893?
9
What is the tens digit of 20194916?
1
What is the tens digit of 3151636?
3
What is the hundreds digit of 7875881?
8
What is the hundreds digit of 771217?
2
What is the units digit of 415059?
9
What is the units digit of 410485?
5
What is the ten thousands digit of 15135675?
3
What is the hundred thousands digit of 137237?
1
What is the hundred thousands digit of 141808?
1
What is the thousands digit of 3949783?
9
What is the millions digit of 10602567?
0
What is the ten millions digit of 18103410?
1
What is the hundred thousands digit of 112380?
1
What is the hundreds digit of 1631278?
2
What is the tens digit of 4024738?
3
What is the hundred thousands digit of 368884?
3
What is the thousands digit of 891050?
1
What is the units digit of 11158703?
3
What is the thousands digit of 8967937?
7
What is the thousands digit of 391619?
1
What is the thousands digit of 947337?
7
What is the tens digit of 2435213?
1
What is the units digit of 13860285?
5
What is the ten thousands digit of 516774?
1
What is the ten thousands digit of 1001328?
0
What is the thousands digit of 7291273?
1
What is the ten thousands digit of 1823130?
2
What is the thousands digit of 463475?
3
What is the ten millions digit of 14604458?
1
What is the tens digit of 382389?
8
What is the thousands digit of 2555814?
5
What is the units digit of 1186299?
9
What is the tens digit of 863653?
5
What is the ten thousands digit of 15923?
1
What is the tens digit of 22104626?
2
What is the millions digit of 1492201?
1
What is the hundreds digit of 460411?
4
What is the thousands digit of 684407?
4
What is the tens digit of 665269?
6
What is the thousands digit of 3435336?
5
What is the hundreds digit of 683950?
9
What is the ten thousands digit of 1769471?
6
What is the thousands digit of 269590?
9
What is the millions digit of 1471285?
1
What is the units digit of 5236717?
7
What is the thousands digit of 10713?
0
What is the units digit of 22043732?
2
What is the ten thousands digit of 283047?
8
What is the tens digit of 773897?
9
What is the ten thousands digit of 6129839?
2
What is the tens digit of 31000?
0
What is the tens digit of 664101?
0
What is the hundreds digit of 2600522?
5
What is the ten thousands digit of 21547164?
4
What is the tens digit of 7590980?
8
What is the units digit of 44026?
6
What is the ten thousands digit of 233487?
3
What is the units digit of 778266?
6
What is the hundreds digit of 34080?
0
What is the thousands digit of 119901?
9
What is the units digit of 12194356?
6
What is the units digit of 1078172?
2
What is the millions digit of 2274202?
2
What is the millions digit of 18915880?
8
What is the thousands digit of 190961?
0
What is the hundreds digit of 109708?
7
What is the ten thousands digit of 223532?
2
What is the tens digit of 6253863?
6
What is the tens digit of 29943034?
3
What is the hundreds digit of 1621023?
0
What is the millions digit of 1727850?
1
What is the ten thousands digit of 34298?
3
What is the millions digit of 13845057?
3
What is the ten thousands digit of 3133092?
3
What is the hundreds digit of 44843047?
0
What is the hundred thousands digit of 232137?
2
What is the hundred thousands digit of 1135770?
1
What is the hundreds digit of 358427?
4
What is the thousands digit of 2813668?
3
What is the hundreds digit of 622866?
8
What is the units digit of 396699?
9
What is the tens digit of 7204?
0
What is the ten thousands digit of 449125?
4
What is the hundreds digit of 7521854?
8
What is the ten thousands digit of 6201517?
0
What is the ten thousands digit of 456632?
5
What is the millions digit of 2566845?
2
What is the units digit of 1369046?
6
What is the units digit of 232131?
1
What is the ten thousands digit of 829382?
2
What is the tens digit of 1846315?
1
What is the units digit of 86154?
4
What is the thousands digit of 11958795?
8
What is the units digit of 1246186?
6
What is the hundred thousands digit of 569952?
5
What is the thousands digit of 1440916?
0
What is the ten thousands digit of 207600?
0
What is the hundred thousands digit of 1045969?
0
What is the thousands digit of 969476?
9
What is the ten millions digit of 26066028?
2
What is the units digit of 668694?
4
What is the thousands digit of 58562?
8
What is the units digit of 2572?
2
What is the thousands digit of 5412445?
2
What is the ten thousands digit of 704082?
0
What is the thousands digit of 160259?
0
What is the thousands digit of 1074973?
4
What is the millions digit of 5916550?
5
What is the tens digit of 75